{"id":5320,"date":"2019-07-15T17:20:39","date_gmt":"2019-07-15T17:20:39","guid":{"rendered":"https:\/\/www.fetteretterem.hu\/?page_id=5320"},"modified":"2019-07-31T15:54:53","modified_gmt":"2019-07-31T15:54:53","slug":"galeria","status":"publish","type":"page","link":"https:\/\/www.fetteretterem.hu\/?page_id=5320","title":{"rendered":"Gal\u00e9ria"},"content":{"rendered":"<p>[vc_row full_width=&#8221;stretch_row&#8221; css=&#8221;.vc_custom_1563209712661{border-top-width: 1px !important;border-bottom-width: 1px !important;padding-top: 25px !important;padding-bottom: 0px !important;background-image: url(https:\/\/www.fetteretterem.hu\/wp-content\/uploads\/2017\/07\/topography.png?id=115) !important;background-position: 0 0 !important;background-repeat: repeat !important;border-top-color: #eeeeee !important;border-top-style: solid !important;border-bottom-color: #eeeeee !important;border-bottom-style: solid !important;}&#8221; el_id=&#8221;menu&#8221; el_class=&#8221;menu-row&#8221;][vc_column css=&#8221;.vc_custom_1504178186798{padding-top: 0px !important;}&#8221;][lab_heading title_tag=&#8221;H1&#8243; title=&#8221;Gal\u00e9ria&#8221; el_class=&#8221;restaurant-menu&#8221; css=&#8221;.vc_custom_1563211284367{margin-bottom: -15px !important;}&#8221;][\/lab_heading][vc_single_image image=&#8221;665&#8243; img_size=&#8221;full&#8221; el_class=&#8221;title-divider centered&#8221;][\/vc_column][\/vc_row][vc_row][vc_column][vc_empty_space][\/vc_column][\/vc_row][vc_row][vc_column][vc_column_text]<\/p>\n<h3 style=\"text-align: center;\">\u00c9tterm\u00fcnk k\u00edv\u00fclr\u0151l<\/h3>\n<p>[\/vc_column_text][vc_masonry_media_grid grid_id=&#8221;vc_gid:1563816673179-a8ce0cd1-194b-6&#8243; include=&#8221;5244,5294,5261,5328,5327&#8243;][vc_column_text]<\/p>\n<h3 style=\"text-align: center;\">\u00c9tterm\u00fcnk bel\u00fclr\u0151l<\/h3>\n<p>[\/vc_column_text][vc_masonry_media_grid grid_id=&#8221;vc_gid:1563816729253-64d8bb32-9c08-8&#8243; include=&#8221;5330,5324,5242&#8243;][vc_column_text]<\/p>\n<h3 style=\"text-align: center;\">Teraszunk<\/h3>\n<p>[\/vc_column_text][vc_masonry_media_grid grid_id=&#8221;vc_gid:1563816756996-298c2152-b0ae-3&#8243; include=&#8221;5397,5327,5328&#8243;][vc_column_text]<\/p>\n<h3 style=\"text-align: center;\">\u00c9teleink<\/h3>\n<p>[\/vc_column_text][vc_masonry_media_grid grid_id=&#8221;vc_gid:1563816781188-73e11f74-63f3-3&#8243; include=&#8221;5326,5329,5325&#8243;][\/vc_column][\/vc_row]<\/p>\n","protected":false},"excerpt":{"rendered":"<p>[vc_row full_width=&#8221;stretch_row&#8221; css=&#8221;.vc_custom_1563209712661{border-top-width: 1px !important;border-bottom-width: 1px !important;padding-top: 25px !important;padding-bottom: 0px !important;background-image: url(https:\/\/www.fetteretterem.hu\/wp-content\/uploads\/2017\/07\/topography.png?id=115) !important;background-position: 0 0 !important;background-repeat: repeat !important;border-top-color: #eeeeee !important;border-top-style: solid !important;border-bottom-color: #eeeeee !important;border-bottom-style: solid !important;}&#8221; el_id=&#8221;menu&#8221; el_class=&#8221;menu-row&#8221;][vc_column css=&#8221;.vc_custom_1504178186798{padding-top: 0px !important;}&#8221;][lab_heading title_tag=&#8221;H1&#8243; title=&#8221;Gal\u00e9ria&#8221; el_class=&#8221;restaurant-menu&#8221; css=&#8221;.vc_custom_1563211284367{margin-bottom: -15px !important;}&#8221;][\/lab_heading][vc_single_image image=&#8221;665&#8243; img_size=&#8221;full&#8221; el_class=&#8221;title-divider centered&#8221;][\/vc_column][\/vc_row][vc_row][vc_column][vc_empty_space][\/vc_column][\/vc_row][vc_row][vc_column][vc_column_text] \u00c9tterm\u00fcnk k\u00edv\u00fclr\u0151l [\/vc_column_text][vc_masonry_media_grid grid_id=&#8221;vc_gid:1563816673179-a8ce0cd1-194b-6&#8243; include=&#8221;5244,5294,5261,5328,5327&#8243;][vc_column_text] \u00c9tterm\u00fcnk bel\u00fclr\u0151l [\/vc_column_text][vc_masonry_media_grid grid_id=&#8221;vc_gid:1563816729253-64d8bb32-9c08-8&#8243; include=&#8221;5330,5324,5242&#8243;][vc_column_text] Teraszunk [\/vc_column_text][vc_masonry_media_grid grid_id=&#8221;vc_gid:1563816756996-298c2152-b0ae-3&#8243; include=&#8221;5397,5327,5328&#8243;][vc_column_text]&hellip;<\/p>\n","protected":false},"author":1,"featured_media":0,"parent":0,"menu_order":0,"comment_status":"closed","ping_status":"closed","template":"","meta":{"footnotes":""},"class_list":["post-5320","page","type-page","status-publish","hentry"],"_links":{"self":[{"href":"https:\/\/www.fetteretterem.hu\/index.php?rest_route=\/wp\/v2\/pages\/5320","targetHints":{"allow":["GET"]}}],"collection":[{"href":"https:\/\/www.fetteretterem.hu\/index.php?rest_route=\/wp\/v2\/pages"}],"about":[{"href":"https:\/\/www.fetteretterem.hu\/index.php?rest_route=\/wp\/v2\/types\/page"}],"author":[{"embeddable":true,"href":"https:\/\/www.fetteretterem.hu\/index.php?rest_route=\/wp\/v2\/users\/1"}],"replies":[{"embeddable":true,"href":"https:\/\/www.fetteretterem.hu\/index.php?rest_route=%2Fwp%2Fv2%2Fcomments&post=5320"}],"version-history":[{"count":4,"href":"https:\/\/www.fetteretterem.hu\/index.php?rest_route=\/wp\/v2\/pages\/5320\/revisions"}],"predecessor-version":[{"id":5400,"href":"https:\/\/www.fetteretterem.hu\/index.php?rest_route=\/wp\/v2\/pages\/5320\/revisions\/5400"}],"wp:attachment":[{"href":"https:\/\/www.fetteretterem.hu\/index.php?rest_route=%2Fwp%2Fv2%2Fmedia&parent=5320"}],"curies":[{"name":"wp","href":"https:\/\/api.w.org\/{rel}","templated":true}]}}